be j(-6). What is c(i)?
-5
Let x = 2543/180 - 127/9. Let l(h) be the third derivative of -1/120*h**6 + 0*h + 1/12*h**4 + 0 + x*h**5 + 2*h**2 + 1/2*h**3. Give l(3).
-9
Let v(t) = -2*t**2 + 7*t + 8. Let a(h) = 9*h - 4 - 2*h**2 + 3*h + 12 - 5*h. Let d(g) = -2*a(g) + 3*v(g). Calculate d(6).
-22
Let i(x) = -x**2 - x + 1. Let u(t) = -t**3 - 8*t**2 + 7*t + 11. Let l(p) = -2*i(p) + u(p). Let v be -3 - -6 - 7 - -3. Let w = v + -6. Give l(w).
-5
Let j(q) = -q**2 - q - 10. Let y be j(-5). Let t be (-12)/y + 0 - (-17)/(-5). Let n(r) = r + 2. What is n(t)?
-1
Suppose -u + 33 = -5*s, -s - 39 = 4*s - 3*u. Let a(p) be the first derivative of p**3/3 + 2*p**2 - p + 4. Give a(s).
11
Let c(z) = -2 + z - 11 + z + 17. Determine c(-3).
-2
Let z(y) = 9*y**2 - y. Let n be 6 - (6 - 2) - -31. Let g = n + -34. Give z(g).
10
Let u(c) = -c**3 - 6*c**2 + 9*c - 10. Suppose 0 = 19*b - 23*b + 40. Suppose -4*q = -8, 2*i = -q - q - b. What is u(i)?
-24
Let h(u) = 3 - 212*u - 208*u + 629*u - 1 - 207*u. Let w be 2/(-8) - (-13)/4. Determine h(w).
8
Let t(d) = -d**2 + 6*d + 4. Let m = -1948 - -1954. Calculate t(m).
4
Suppose 6 - 10 = -b. Suppose -i - 5*d + d + 20 = 0, -i - 20 = -b*d. Let l(x) = 3*x**2 + 5*x - 1. Let t(o) = -o**2 - 2*o. Let a(y) = -2*l(y) - 5*t(y). Give a(i).
2
Let d = 1360 - 1358. Let c(g) = g**3 + 3*g**2 - 2*g - 4. Let x be c(-3). Let i(a) = -98*a**x - a**3 + a + 101*a**d + 4*a**3. Calculate i(-2).
-14
Let o = 19 - 13. Let k(n) = -o*n + n**2 + n**3 - 1 + 2*n**2 - 2. Suppose -4*h - 16 + 0 = 0. Give k(h).
5
Let r(x) be the first derivative of -x**3/3 + x**2/2 - 4*x - 1. Let j be 2*1/(-7) + (37 - 5911/161). Give r(j).
-4
Let j be 8*((-13)/(-4) + -3). Let w(s) = -1 + 2 - 4 - s**j + 4 + 4*s**3. Let c be 1/(-2) - (-9)/6. Give w(c).
4
Let x(j) = 4*j - 10. Let r be 324/(-8)*(-4)/6. Suppose 4*g - 1 = r. What is x(g)?
18
Let l(k) = -7*k + 13. Let m(x) = -17*x + 26. Let a(d) = -7*l(d) + 3*m(d). What is a(9)?
-31
Let v(c) = 45*c + 41*c - 82*c. Determine v(-4).
-16
Let y(g) = -g - 1 + 7*g**2 + g**3 - g - 6*g. Determine y(-8).
-1
Let s = -46 + 48. Let m(c) = 11*c**s - 17*c**2 - 4*c + 5*c**2. Calculate m(-2).
4
Let y(v) = -v**3 - 4*v**2 + 3*v + 9. Let h(f) = 9*f**2 + 332*f - 43. Let o be h(-37). What is y(o)?
63
Let t(d) = 0*d**2 + 6*d + 3 - 2 - d**2. Let k be -13 + -25*(-56)/70. Give t(k).
-6
Let o = -18 + 13. Let j(t) = -3*t**2 - 2*t - 2. Let d(w) be the second derivative of -w**4/3 - 3*w**2/2 - 12*w. Let u(q) = -2*d(q) + 3*j(q). Calculate u(o).
5
Suppose -2*b + 5*w = 13, 2*w = 5*b + 1 - 0. Let t = 22 + -22. Let g(z) = z - z + t*z - 3*z**2 + z. Give g(b).
-2
Let c(w) = 5*w**2 - 2*w + 4. Let d(a) = -5*a**2 + 3*a - 5. Let r(k) = -4*c(k) - 3*d(k). Let o(u) = u**2 - u - 1. Let b(i) = -6*o(i) - r(i). Calculate b(7).
7
Let t(z) = z**2 - 9*z + 3. Let m(l) = -l. Let f(q) = -2*m(q) + t(q). Suppose -2*s + s = -9. Let k = 14 - s. Give f(k).
-7
Let q(h) be the third derivative of -h**5/60 + h**4/3 - 13*h**2 - 1. Give q(6).
12
Let l = -1 - -3. Let t(z) = 4*z**l - 1 - 20*z**2 + 8*z**2 - 3*z + 9*z**2. Let v be 0/(-6) + 3 + -1. What is t(v)?
-3
Let x(q) = 12*q - 16. Let o be x(4). Let p(i) = -4*i + 5*i + 31 - o. What is p(-6)?
-7
Let o(d) be the second derivative of -d**4/12 - 2*d**3 + 7*d**2 - 401*d. Give o(-10).
34
Let v(k) = 16*k + 5. Let y(a) = -3*a - 1. Let j(o) = o**3 - 13*o**2 - 15*o + 16. Let n be j(14). Let x(w) = n*v(w) + 11*y(w). Calculate x(-1).
0
Let s = 317 - 166. Let t(h) = 0*h - h**2 - 2*h - 147 + s. Calculate t(-3).
1
Suppose 117 = -31*t + 24. Let v(a) = -2*a**2 - 1. Let d(u) = -3*u**2 + u - 1. Let n(o) = 3*d(o) - 5*v(o). Calculate n(t).
2
Let m(j) = j**3 + 7*j**2 - 8*j - 2. Let s be m(-8). Let h(t) = -4*t - 6. Let z be h(s). Let c(n) = -n**2 + 2. Give c(z).
-2
Let q(m) be the third derivative of m**6/120 - m**5/10 - m**3/2 + 102*m**2. Determine q(6).
-3
Suppose 2*p = 6 + 2, p = 2*f. Let m(h) = h**3 + 17*h - 8*h - 3*h**f - 10*h. Calculate m(2).
-6
Let p(q) = 2*q - q - q + 1 - 2*q + q**2. Give p(3).
4
Let o(c) = 5*c**2 - 2*c - 2. Let q = 40 + -32. Suppose -2*d + q = 12. Calculate o(d).
22
Let j(y) = 20*y**3 - 5*y**2 + 12*y - 11. Let k(f) = -11*f**3 + 3*f**2 - 6*f + 6. Let d(r) = -6*j(r) - 11*k(r). Give d(5).
20
Let a(z) = -3*z + 0*z + 4*z - 2*z + 2. Calculate a(8).
-6
Suppose -13*i = -3*i - 20. Suppose 0 = -i*n + 3 + 9. Let l(w) = w**3 - 7*w**2 + 6*w + 8. Give l(n).
8
Let n(t) be the third derivative of 5*t**4/24 + 3*t**3/2 - 21*t**2. Determine n(-6).
-21
Suppose 12*c = 99 + 165. Let k = c + -32. Let u(t) = t**2 + 12*t + 3. What is u(k)?
-17
Let c(x) = -3*x**3 + 12*x**2 + 8*x + 12. Let u = 10 - 11. Let h(g) = -g**3 + g**2 + 1. Let y(f) = u*c(f) + 4*h(f). Determine y(-7).
-1
Let u(j) = -3*j + 7. Let y be -1*-141*(4 - 3). Suppose y + 4 = 5*f. Let w = 34 - f. What is u(w)?
-8
Let b = 150 + -124. Let f(y) = -3 - y**3 + 56*y**2 - b*y**2 - 37*y**2 - 4*y + 8. Determine f(-6).
-7
Let r(q) be the second derivative of -5*q**3/6 - 3*q**2 + 140*q. Determine r(0).
-6
Let j(c) = 2*c - c + 0*c. Suppose -4*s - 4 = -5*n + 21, 4*s = 4*n - 20. Determine j(n).
5
Let h(i) = -i**2 + 3*i + 3. Let k be 9/(4/16 - 1). Let l = k - 1. Let p = -8 - l. What is h(p)?
-7
Let l(c) = -7*c**2 - 2*c + 4. Let o(j) = -30*j**2 - 9*j + 17. Let q(g) = 9*l(g) - 2*o(g). What is q(2)?
-10
Let t(w) be the third derivative of w**5/60 - w**4/24 - w**3/2 + 2*w**2. Let f = 4 + -2. Let p be -6*(1/f)/(-1). What is t(p)?
3
Let q(z) be the third derivative of -z**5/60 + z**4/24 + 7*z**3/6 + 44*z**2. Calculate q(-2).
1
Let m(n) = n - 6. Suppose -2*t + 0*s = s - 68, -113 = -3*t + 4*s. Let d = -20 + t. Suppose 2*g + 4*k = -0*g + 10, 3*k = -3*g + d. What is m(g)?
-1
Suppose -b - 2*k = 14, 4*b - 9*b - 3*k = 42. Let y(l) = 3*l + 2. Calculate y(b).
-16
Suppose -y + 4*o = y - 1004, -5*y + 2545 = -3*o. Let t(p) = y*p - 512*p - 17*p**2. Determine t(1).
-17
Let w(j) be the first derivative of j**6/180 + j**5/60 + j**4/12 - 2*j**3/3 + 1. Let c(o) be the third derivative of w(o). Let v = -3266 + 3264. What is c(v)?
6
Let r(n) = n**3 + n**2 + n - 6. Let s(y) = -y**3 - 7*y**2 - 6*y + 1. Let d be s(-5). Let j = d + 21. Suppose j*f = 2*v + 2, 3*f = f + 2. Calculate r(v).
-6
Suppose 8 - 4 = m. Suppose -60 + 16 = -m*y. Let f = -7 + y. Let n(h) = h**3 - 4*h**2 - 2*h - 1. Give n(f).
-9
Suppose 5*m + 0 + 10 = 0. Suppose 5*c - 4*c - 1 = 0. Let z(b) = -2 - c - 3*b + 5. Calculate z(m).
8
Let t(w) = 9*w - 2. Let n(d) = d. Let y(a) = -6*n(a) + t(a). Determine y(7).
19
Let k(n) = -n**2 + 13*n - 2. Let l = 1738 + -1728. Calculate k(l).
28
Let o(z) be the second derivative of z**4/12 - z**3/6 + 7*z**2/2 + 2*z + 15. Calculate o(0).
7
Suppose 0 = -4*v - 4*r + 24, -6*r + 3*r + 23 = 4*v. Suppose 3*x - 4*z - 25 = 9, -5*x + 10 = v*z. Let s(k) = k**3 - 5*k**2 - k - 8. Give s(x).
22
Let g(u) = 4*u**3 + 2*u - 1. Let d be g(0). Let i(m) = -41*m + 2. Calculate i(d).
43
Suppose 3*o - 4*i = 0, 0 = -7*o + 6*o - 3*i. Let q(d) be the second derivative of 1/2*d**4 + o + 4*d**2 + 1/6*d**3 + 1/20*d**5 - 7*d. Give q(-6).
2
Let c(m) = -5*m - 4. Let b(x) = -2*x - 2. Let p(z) = -3*b(z) + c(z). Suppose 3*n = -3 - 3. Give p(n).
0
Suppose 0 = 5*v, -2*d - 4*v + 5*v = 12. Let i(n) = -n. Give i(d).
6
Let y(t) = 3*t**2 + 0*t**2 - 6*t + 4 - 4*t**2. Suppose -116 = -16*i - 212. Give y(i).
4
Let n(w) = w**2 - 40*w - 127. Let r be n(43). Let d(o) = 2*o**2 - 3. What is d(r)?
5
Let j(i) = i**3 + i**2 - i - 44. Let f be (1 - 1)*(3 + (1 - 5)). Determine j(f).
-44
Let z(j) be the first derivative of j**4/4 - j**3/3 - 5*j - 2. Let x be z(0). Let u(f) = 656*f - 9 - 328*f - 329*f. Give u(x).
-4
Let m(k) = -2*k**2 + 4*k - 2. Let o(f) = -f + 3 + 13 + 3*f. Suppose -4*s + 27 = -w, 3*s + 2*s + 3 = -4*w. Let u be o(w). Calculate m(u).
-2
Let n(t) = t**2 - 5*t - 9. Let x be 8/(-20) - (-224)/35. Give n(x).
-3
Let c be 5 - (0 - (-1 + -1)). Let n(k) = 3*k + 0*k**c - 4*k**2 + 2*k**3 - 3*k**3 - 5. Suppose -13*b = 31 + 34. Determine n(b).
5
Suppose -18*m - 208 = 8*m. Let j(n) = n**3 + 9*n**2 + 9*n + 10. Determine j(m).
2
Let w(q) = q**2 - 10*q - 5. Let p be 4*10/(-40)*20/(-2). Give w(p).
-5
Let u(g) = 2*g**3 - 4*g**2 - 4*g - 7. Let n(t) = 3*t**3 - 4*t**2 - 5*t - 9. Let z(x) = -4*n(x) + 5*u(x). What is z(-3)?
19
Suppose -2*x + 42 = 4*x. Let q(i) = -i**2 + 7*i + 10. What is q(x)?
10
Let s(g) = 7*g - 4. Suppose 